ber?
False
Is 21194434003 prime?
True
Is 53515601 composite?
False
Is 10257481939 a composite number?
True
Is 124286904253 a composite number?
True
Is 8511953413 a prime number?
False
Is 3150225161 a composite number?
False
Is 428186893 a composite number?
True
Is 5298553477 prime?
False
Is 24696787 composite?
False
Is 22296024097 a composite number?
True
Is 651355069 composite?
True
Is 5471217377 a composite number?
False
Is 73936248673 prime?
False
Is 548171053 a prime number?
True
Is 959012401 a prime number?
False
Is 199921615717 prime?
True
Is 354407003 a prime number?
True
Is 426350539 composite?
False
Is 51223065643 a prime number?
True
Is 25139760907 a composite number?
False
Is 686861683 composite?
True
Is 55053191819 prime?
False
Is 89255638517 a prime number?
False
Is 2791573361 a prime number?
True
Is 2160404669 a prime number?
True
Is 18016112798 prime?
False
Is 143453565317 a prime number?
False
Is 336118301 composite?
True
Is 22954922897 a composite number?
False
Is 260625943 prime?
True
Is 7320614969 composite?
False
Is 58765361 a composite number?
True
Is 2756595421 prime?
False
Is 4413327629 a composite number?
False
Is 7300116973 composite?
False
Is 23455618493 composite?
False
Is 38978714803 a prime number?
False
Is 28981640081 a composite number?
False
Is 205253089271 a composite number?
False
Is 1052363629 composite?
True
Is 1966912603 a prime number?
True
Is 2138734813 prime?
True
Is 3979151879 a prime number?
False
Is 37731201317 a prime number?
True
Is 8660720659 prime?
True
Is 43508003093 a prime number?
True
Is 1741950179 composite?
False
Is 1167934379 a prime number?
True
Is 9549729689 a prime number?
True
Is 4256578141 composite?
False
Is 391466941 composite?
False
Is 439304603 a composite number?
False
Is 10097453687 a prime number?
True
Is 8410245463 a composite number?
True
Is 51967972127 a composite number?
True
Is 20444617307 prime?
True
Is 7715298109 prime?
True
Is 17293412949 prime?
False
Is 1412940223 a composite number?
False
Is 93849631 prime?
True
Is 162084678065 composite?
True
Is 742843201 a prime number?
True
Is 80817245 prime?
False
Is 237987553 prime?
True
Is 49756040831 prime?
False
Is 22360626451 prime?
True
Is 23714466031 a composite number?
True
Is 63677241473 a prime number?
False
Is 6946865701 prime?
True
Is 24389204933 prime?
False
Is 17927672639 a prime number?
True
Is 7340948191 composite?
False
Is 9840116501 prime?
False
Is 12212899 a prime number?
True
Is 3638628011 prime?
True
Is 307253789 a composite number?
False
Is 5378183989 a prime number?
True
Is 100810417 composite?
False
Is 40238516651 prime?
False
Is 352823563 prime?
False
Is 465552211 a composite number?
True
Is 4202950709 a composite number?
False
Is 51252613219 prime?
True
Is 1708928561 composite?
True
Is 245575717 a prime number?
False
Is 42738757 prime?
True
Is 11254469309 composite?
False
Is 1444766249 prime?
True
Is 15306036271 a prime number?
False
Is 8386007307 a prime number?
False
Is 430538987 a composite number?
False
Is 10071152821 composite?
False
Is 46264365223 a composite number?
True
Is 696794191 a prime number?
True
Is 4669985767 a composite number?
True
Is 762748859 prime?
True
Is 19605500483 prime?
True
Is 125934239437 composite?
False
Is 16709551853 composite?
False
Is 14191605937 a prime number?
False
Is 11334753283 a composite number?
True
Is 50299947587 composite?
True
Is 27391964909 a prime number?
True
Is 1981564843 a composite number?
True
Is 3103920317 prime?
True
Is 1807389691 composite?
False
Is 17590427011 composite?
True
Is 156029717 a composite number?
False
Is 1097753401 a composite number?
True
Is 2714935667 composite?
False
Is 46644035989 prime?
False
Is 1547004703 prime?
False
Is 36040399249 a prime number?
False
Is 400173469 a composite number?
True
Is 3269685235 a composite number?
True
Is 8345787727 prime?
False
Is 33574901459 a composite number?
True
Is 14543991703 composite?
False
Is 851292713 a composite number?
False
Is 2079731039 a composite number?
True
Is 1530007051 composite?
True
Is 368592331 a prime number?
True
Is 8503070449 a composite number?
False
Is 13627496915 composite?
True
Is 20125650943 a prime number?
True
Is 34232857 prime?
False
Is 8480050043 a prime number?
True
Is 544824919 prime?
False
Is 1517401337 composite?
True
Is 326360687 a composite number?
True
Is 3747888853 a prime number?
True
Is 4604327981 a composite number?
True
Is 101671028837 a prime number?
False
Is 232053103 a prime number?
False
Is 713028541 a composite number?
False
Is 720227449 a composite number?
False
Is 2712232049 composite?
False
Is 24054004687 a composite number?
False
Is 33100898407 a prime number?
False
Is 32524388839 composite?
False
Is 2289096753 a prime number?
False
Is 485686007 composite?
False
Is 692154993 composite?
True
Is 6007417349 prime?
False
Is 1862299007 composite?
True
Is 36851012651 a composite number?
True
Is 22716599021 composite?
False
Is 63111293405 composite?
True
Is 18580018978 a composite number?
True
Is 10465060009 composite?
False
Is 101384901641 a composite number?
True
Is 148365361 a prime number?
True
Is 625418441 composite?
True
Is 196012079 a composite number?
False
Is 2560745107 a prime number?
True
Is 18299989 a prime number?
False
Is 4651542733 a prime number?
False
Is 63372856114 prime?
False
Is 1777343093 prime?
True
Is 684224209 prime?
True
Is 11956842221 a prime number?
True
Is 16401538217 composite?
False
Is 241514201 a prime number?
True
Is 4750769137 a prime number?
False
Is 84891087003 composite?
True
Is 23492571103 prime?
False
Is 23759610733 a prime number?
True
Is 4339206691 a composite number?
False
Is 514934399 composite?
True
Is 2550067331 a prime number?
False
Is 3757747673 prime?
True
Is 13937684303 a prime number?
True
Is 13410263177 a composite number?
False
Is 4550187347 composite?
True
Is 2996956373 a prime number?
False
Is 66044933 a prime number?
True
Is 945326509 composite?
False
Is 21187125799 prime?
False
Is 3867876109 a prime number?
True
Is 3626417579 prime?
True
Is 1284997481 composite?
True
Is 877429609 a composite number?
True
Is 19158032429 composite?
False
Is 71045249011 prime?
False
Is 363476989 a prime number?
False
Is 10577546927 a prime number?
True
Is 1821377167 a composite number?
True
Is 92371973 composite?
True
Is 2252532955 a composite number?
True
Is 4855198319 composite?
True
Is 903312517 a prime number?
True
Is 49561278847 prime?
True
Is 146990191 a prime number?
True
Is 3881113799 a composite number?
False
Is 30230974769 a composite number?
False
Is 286403653 prime?
True
Is 2629229807 prime?
False
Is 156965323 prime?
False
Is 253474089457 a prime number?
False
Is 44456103143 a prime number?
True
Is 58890245 prime?
False
Is 18281848099 a composite number?
False
Is 887819 a composite number?
False
Is 92847959773 a prime number?
True
Is 29745649651 composite?
False
Is 1144745087 prime?
False
Is 3236661013 prime?
True
Is 309195373 prime?
True
Is 179184329981 a prime number?
False
Is 135548015453 a composite number?
False
Is 243723713809 composite?
False
Is 202604359 composite?
False
Is 1588679219 a composite number?
False
Is 7925163973 composite?
False
Is 73290023 prime?
True
Is 15584214419 a prime number?
True
Is 2041605931 prime?
True
Is 3772438273 prime?
True
Is 1201405993 a composite number?
True
Is 241767133 a composite number?
False
Is 85437697391 a composite number?
False
Is 1184745117 composite?
True
Is 12777709339 composite?
False
Is 62749944203 prime?
True
Is 3886018783 a prime number?
True
Is 1097340979 composite?
True
Is 1675587203 a prime number?
True
Is 189069367 a prime number?
True
Is 1530125263 a composite number?
False
Is 2377546231 a prime number?
True
Is 232274466211 a composite number?
False
Is 410787617 a composite number?
False
Is 44296219153 prime?
True
Is 31721643449 composite?
False
Is 6763445851 prime?
False
Is 35838622273 prime?
True
Is 1324795421 prime?
False
Is 34035737687 a composite number?
True
Is 1199845541 composite?
True
Is 86274438997 composite?
False
Is 24731918623 prime?
True
Is 1317637511 composite?
True
Is 48384127283 a composite number?
True
Is 4816952573 a composite number?
False
Is 15793874039 composite?
True
Is 410810431 a composite number?
True
Is 15469961197 a com